2 - 4*a + 3. Suppose -3 = -25*b + 22*b. Let d be j(b). Let y = d + -43. Calculate the remainder when y is divided by 5.
3
Let m = -74 - -85. Suppose -12*l + m*l + 17 = 0. What is the remainder when 84 is divided by l?
16
Let o = -3480 - -3509. Calculate the remainder when 257 is divided by o.
25
Suppose -130 + 369 = 4*k - 3*l, 3*k + 5*l - 201 = 0. Suppose 0*m = m - k. Calculate the remainder when m is divided by 16.
14
Let g = 44 + -40. Suppose -u + 3 = -g*a, -4*a - 3*u = 2*u + 33. Calculate the remainder when 109 is divided by 2 + (-2)/a + 35.
33
Let c(d) = d**3 - 11*d**2 - 11*d - 12. Let i be c(12). Suppose -2*w + 3*a + 94 = i, 3*a + 8 = -a. What is the remainder when w is divided by 14?
2
Let h(v) = -169 + 56 + 61 + 17*v. What is the remainder when h(8) is divided by 29?
26
Suppose -6*k + 2*k = 0. Suppose 5*q - 7*q = 4*c - 6, -18 = -c + 5*q. Suppose -c*y + y + 126 = k. What is the remainder when y is divided by 13?
11
Let z(h) be the third derivative of -3*h**4/4 - 55*h**3/6 + 8*h**2. Suppose -140 = 26*g - 6*g. Calculate the remainder when z(g) is divided by 24.
23
Let h(i) = i**2 - 8*i - 186. Let y be h(18). What is the remainder when 222 is divided by (-4)/12*y*(-225)/(-10)?
42
Suppose 0 = -17*j + 2993 + 6986. Calculate the remainder when j is divided by 31.
29
Let c = -23 + 25. Suppose -2*o - a + 6*a - 19 = 0, -11 = -c*o - a. Let j(v) = -v**2 - 34*v - 44. What is the remainder when j(-32) is divided by o?
2
Suppose 8*a - a = -56, 5*b = 5*a + 330. What is the remainder when 611 is divided by b?
31
Let d = 9497 - 9261. Calculate the remainder when 249 is divided by d.
13
Suppose 8*d - 6*d - 24 = 0. Let h = 157 + -82. Let p = 101 - h. What is the remainder when p is divided by d?
2
Let k = -5448 - -5815. Calculate the remainder when k is divided by 55.
37
Suppose 0 = -60*j + 5*j - 46*j + 88779. What is the remainder when j is divided by 14?
11
What is the remainder when ((-289)/(-15) + 36/(-60))*(-612)/(-48) is divided by 40?
38
Let x be ((-8)/(-10))/(2/(-295)). Let p = x - -153. What is the remainder when 62 is divided by p?
27
Let i = -527 + 654. Calculate the remainder when i is divided by 24.
7
Calculate the remainder when (-3)/((-15)/(7086 + 9)) is divided by 79.
76
Suppose -8*z - 770 = -3*z. Let c be (-22)/z - (1 - (-15)/7). What is the remainder when 12 is divided by 8 + (c + -5 - (-3 + -1))?
0
Calculate the remainder when 2122 is divided by 615/12*136/85 - 7/(-1).
75
Suppose -5*o + 88 + 27 = 0. Suppose 218 = -3*g + 6*g + 2*h, -35 = -5*h. Calculate the remainder when g is divided by o.
22
Suppose 0 = 3*x + 30*g - 27*g - 9, -5*x + 17 = 3*g. Suppose 0 = x*y + 3*r - 1128, -6*r - 538 = -2*y - r. Calculate the remainder when y is divided by 6.
3
Let c(d) = d**2 + 25*d - 276. Calculate the remainder when 58 is divided by c(-34).
28
Suppose d = -d + 784. Suppose 7*r = 3*r + d. Calculate the remainder when r is divided by (123/(-35) - ((-450)/25)/(-90))*-7.
20
Let o = 30 - 200. Let c = 218 + o. What is the remainder when c is divided by 19?
10
Let j(z) = z**2 - 7*z - 52. Let i = 1916 - 1334. Calculate the remainder when i is divided by j(12).
6
Let c(w) = 31*w - 1217. Calculate the remainder when 459 is divided by c(40).
22
Let l be 1/((-20)/15) - (-9)/12. Suppose -12*a + 88 + 404 = l. Calculate the remainder when 120 is divided by a.
38
Suppose -t = -o + 2, 2 = -o - t - 4. Let x(a) = -5*a**2 - a. Let b be x(o). Calculate the remainder when b/12*424/(-6) is divided by 36.
34
Let n(g) = g**2 - 864*g + 21827. Suppose -4*o + u + 452 = 0, 5*o - 4*u - u - 550 = 0. Calculate the remainder when o is divided by n(26).
36
Suppose 0 = -21*q + 17*q + 3*c + 861, -c + 881 = 4*q. What is the remainder when q is divided by 95?
29
Let h = -231 + 296. Let w = -190 - -119. Let g = -65 - w. Calculate the remainder when h is divided by g.
5
Let j(w) = w**3 + w**2 + 119. Let y be j(0). Suppose -5*s - 1 = 3*z - 7, -s - 4 = -2*z. Suppose z*q - 45 = y. Calculate the remainder when q is divided by 21.
19
Suppose 623*m = 10898 + 839 + 1969. Calculate the remainder when (3 - (2 + 0)) + 128 is divided by m.
19
Let p = 6247 - 6232. Let w(y) = y**3 + 7*y**2 + 5*y - 4. Let z be w(-6). Calculate the remainder when 44 - (-2 + z - 0) is divided by p.
14
Suppose -2*s + 5*a + 3305 = 0, -79*s + 82*s + 5*a = 4995. Calculate the remainder when s is divided by 546.
22
Let d be ((-3)/(-12))/((-5)/(-2820)). Suppose 2*b - d = -3*h - 0*b, -b - 94 = -2*h. Calculate the remainder when h is divided by 3.
2
Let d(m) = -15*m + 117. Let q be d(18). Let x = q - -175. Calculate the remainder when 87 is divided by x.
21
Let a(s) = -s**2 - 23*s + 647. What is the remainder when 1785 is divided by a(-36)?
174
Let p(t) = 262*t**2. Let b = -915 + 959. Calculate the remainder when p(1) is divided by b.
42
Let o(h) be the second derivative of -8*h**3/3 + 9*h**2 - 9*h. Let g be o(-5). Suppose 8*l - 94 - g = 0. Calculate the remainder when 93 is divided by l.
21
Let j = 1 + 53. Suppose -4*i - 3*c + 1284 = 0, 5*i - 1605 = -c + 5*c. Calculate the remainder when i is divided by j.
51
Suppose 39*x - 72*x + 15792 = 51*x. Calculate the remainder when 2458 is divided by x.
14
Suppose 0 = -37*u + 1835 + 2700 - 21. Suppose -b + 20 = -c, -2*b - b + 5*c + 50 = 0. Calculate the remainder when u is divided by b.
22
Let c = -1158 + 1783. Calculate the remainder when c is divided by 185.
70
Suppose 99 = -m + 2*l, -m = l + 106 - 13. Let j = 1569 - 1467. Let u = j + m. What is the remainder when u is divided by 4?
3
Suppose r - 58*w = -55*w + 90, 0 = 3*r - 5*w - 250. What is the remainder when r is divided by 16?
11
Suppose -10*a + 167 + 323 = 0. Calculate the remainder when 214 is divided by a.
18
Suppose -15600 = 114*s - 96700 - 102440. What is the remainder when s is divided by 66?
26
Let h = 288 + -271. Suppose 0 = -8*d - h*d + 350. Calculate the remainder when 67 is divided by d.
11
Let m = 5658 + -5641. Calculate the remainder when 276 is divided by m.
4
Suppose 1900 = 4*f + 2*l, 914 = 2*f - l - 4*l. What is the remainder when f is divided by 235?
2
Let b(w) = 89*w + 1343. What is the remainder when b(-14) is divided by 61?
36
Suppose 3*q + 4*v = 229, -61*q - 79 = -62*q - 2*v. Calculate the remainder when 2907 is divided by q.
67
Let c(d) = 160*d + 117. Calculate the remainder when 691 is divided by c(0).
106
Let d = 2308 + 1075. Suppose 673 = 12*m - d. What is the remainder when m is divided by 69?
62
Let u be ((-2)/4 - 0)*(-74 + 70). Calculate the remainder when 5 - u*(2 - (-2886)/(-12)) is divided by 22.
20
Calculate the remainder when 3594/4 + (26 - (-440)/(-16)) is divided by 65.
52
Let y be (33/(-9))/(5/(-15)). Suppose x = y*x. Suppose 2*f - 6*f + 156 = x. What is the remainder when f is divided by 8?
7
Let r = 13 + -9. Suppose -2*y - r*f = -4*y - 78, 76 = -2*y + 5*f. Let q = 71 + y. What is the remainder when q is divided by 17?
11
Calculate the remainder when 540 is divided by (7 + -6)/((-6)/(-366)).
52
Let s(w) = 168*w**2 + 11*w + 8. Suppose -4 + 38 = -34*m. What is the remainder when s(m) is divided by 24?
21
Suppose 6*n - 459 = -3*r + 9*n, -3*n = -5*r + 771. What is the remainder when r is divided by 46?
18
Let n be (0 - 0) + (2 - 0). Suppose -2*r = m + n*r, 0 = 5*r. Suppose m = -2*z + z + 33. Calculate the remainder when z is divided by 7.
5
Let f = -235 + 237. What is the remainder when (2*1/f)/((-17)/(-799)) is divided by 15?
2
Let y = 12067 + -11016. Calculate the remainder when y is divided by 34.
31
What is the remainder when 203 is divided by ((-10)/11)/((-169)/5577)?
23
Calculate the remainder when 2/(-8) + 401/4 is divided by (-16)/(-44) - 269760/(-6182).
12
Let l be (18/2)/(-3) + 2. Let n(m) be the second derivative of 4*m**4/3 - m**3/3 - 2*m**2 + 229*m. What is the remainder when 153 is divided by n(l)?
13
Suppose -a = -3*b - 77, 2*a - 2*b - 155 = 7. What is the remainder when 1909 is divided by a?
0
Suppose -62*j - 39*j + 12726 = 0. Calculate the remainder when 537 is divided by j.
33
Suppose j - 1313 = 5*n, 27*j + n = 26*j + 1343. Calculate the remainder when j is divided by 191.
1
Let o(g) = g**2 - 3*g + 2. Let u be o(-1). Suppose 0 = u*x - 270 - 114. What is the remainder when 316 is divided by x?
60
Let i = -205 - -314. Let t = i + -8. Suppose t*b = 96*b + 60. What is the remainde